h - 2*p + 14. Determine b(h).
-2
Let z(q) = -q**3 + q**2 - q + 4. Let f be z(0). Suppose -2*v - f = -0. Let u = v - -8. Let s(c) = -c**3 + 6*c**2 + 2*c - 6. Give s(u).
6
Suppose 0*u - 3*u = -3*z, -u + 2*z = 2. Let b(r) = u - 4 - 13*r + 4 + 10*r. Determine b(3).
-7
Let n(k) = k**2 + 3*k + 3. Let i = 28 - 31. Calculate n(i).
3
Let d(n) = -2*n**3 + 0*n**3 - 1 + 3*n**3 - n**2 - 2*n - 2*n**2. Suppose -3*b + 13 = -q, 4*b - 3*q = -6*q + 13. Determine d(b).
7
Let s = 13 + -11. Let q(p) = 4*p**2 + 1 - 2*p**3 - p + 0*p**3 + 3*p**3 - 3*p**s. Determine q(1).
2
Suppose 2*k = 4*t - 14, -1 = 4*k + 2*t - t. Let o(d) = 4*d**2 - 1 + 3*d - 3*d**2 - 4*d. Let j(a) = a**2 - 3*a - 4. Let g(h) = j(h) - 4*o(h). Determine g(k).
-4
Let u(p) = -p**3 + p**2 + p + 9. Suppose -13*a = -17*a. What is u(a)?
9
Let m = -16 + 30. Let w(t) = m - 4 + 0*t - t. What is w(5)?
5
Let y(j) be the third derivative of j**2 + 0*j + 1/60*j**5 + 1/3*j**3 - 1/8*j**4 + 0. Suppose 9*d = -4*r + 4*d + 7, 7 = 2*r - d. Determine y(r).
2
Suppose -x + 6*x = 0. Let a(z) = z**2 + 1. Let y(m) = 5*m**2 + m. Let d(t) = 4*a(t) - y(t). Give d(x).
4
Let y(s) = s**2 - s - 1. Let g(q) = -q**2 + q - 1. Suppose 3*r = -4*a - 5, r = 4*a - 2*a - 5. Let j be g(a). Let l be j + 3/(2 + 1). Determine y(l).
-1
Let g(o) = -o**2 + 6*o + 6. Let h be g(6). Let k(t) = t**3 - 6*t**2 - 2*t - 4. Determine k(h).
-16
Let g(s) = -1 + 3*s - s + 6*s. Suppose 5*n + 29 = -2*r - 2*r, 5*n = -3*r - 28. Give g(r).
-9
Let t(q) = -5*q - 2 - 5*q**2 + 4 + 4*q - q**3 - 3*q. Let w(g) = g**2 - 5*g. Let p be w(4). Determine t(p).
2
Suppose 0 = 7*m - 2*m. Suppose -3*u - 7 = -2*z, 4*z - 6*z - u + 11 = m. Let x(b) = b + 1. Give x(z).
6
Let z(s) be the second derivative of s**3/3 - 2*s**2 + 10*s. Give z(7).
10
Let p(u) = u + 1. Suppose 2*v - 5*f - 28 = 0, -2*v = 3*f + 4 - 0. Determine p(v).
5
Let z(y) = -5*y + 1. Let g(u) = u + 5. Let f = -5 + 14. Let v = 5 - f. Let r be g(v). Calculate z(r).
-4
Let b(k) = -1 - k**2 + 4*k - 4*k**2 - k**3 + 3*k - k. Suppose 0 = -4*h - 14 + 86. Suppose 0 = -v - 2*v - h. Determine b(v).
-1
Let h(p) = p**2 + p - 4. Let a be (-16)/(-2) - (26 + -21). Calculate h(a).
8
Let v(o) = o**3 + 7*o**2 - 2. Let b be v(-7). Let c(r) = -5*r**2 + r + 1. Give c(b).
-21
Suppose -3*i = v + 3, 0*v + v - 21 = 5*i. Let b(p) = -2*p + 8. Determine b(v).
-4
Let j(t) be the first derivative of t**3/6 + t**2 + 4*t + 2. Let o(b) be the first derivative of j(b). Calculate o(3).
5
Let b(x) = 3*x**2 - 8*x + 12. Let q(s) = s**2 - 3*s + 4. Let c(r) = 2*b(r) - 7*q(r). Let k be ((-1)/2)/((-1)/(-6)). Let l be ((-12)/k)/1*1. Determine c(l).
0
Let g(s) = s. Suppose v + 0 = -2. Let c(d) = 11*d + 1. Let x(p) = v*g(p) + c(p). Calculate x(-1).
-8
Suppose 0 = 5*p - 13 - 2. Suppose -t = p*t - 4. Let g(q) = -3*q**2 + q - 1. What is g(t)?
-3
Let f(c) = c**2 - c - 1. Let g(q) = 4*q**2 - 8*q - 6. Let z(m) = -5*f(m) + g(m). What is z(-4)?
-5
Let y be 11/(-2) - 1/2. Let i = 2 + y. Let a(w) = -w**3 - 5*w**2 - 6*w + 3. Let m(z) = -2*z**3 - 10*z**2 - 11*z + 5. Let u(r) = 5*a(r) - 3*m(r). What is u(i)?
4
Let f(o) = o**3 + o**2 - 3*o. Let k = 4 - 4. Suppose t + k*t + 4*c = 9, 3*c - 12 = t. Determine f(t).
-9
Let u = -22 + 20. Let h(c) = -c**3 - c**2 - 2*c - 3. Give h(u).
5
Let m(l) = -9*l - 1 + 10*l + 6*l. Determine m(1).
6
Suppose 2*b + 6 = 0, -3*h - 5*b = -4*h + 17. Suppose 5*d + h = 22. Let v(x) = -x + x + d - 1 + x. What is v(-4)?
-1
Let k = 9 + -3. Let r(g) = -g + 8. Give r(k).
2
Let l(c) = 4*c**3 - 1. Suppose 14*d = -5*d + 19. Give l(d).
3
Let w be 1/(-4)*(-6 - -2). Let y(g) = g. Give y(w).
1
Let p(j) = -3*j - 2. Suppose 20 = 6*v - 2*v, 0 = -3*z + 3*v - 93. Let q = 22 + z. Give p(q).
10
Let t(l) be the second derivative of l**5/20 + l**4/3 + 2*l**3/3 + 2*l**2 - 12*l. Let d be (-2 + 3/2)*6. Determine t(d).
1
Let g(p) be the third derivative of p**4/12 - 3*p**3/2 + 35*p**2. Calculate g(8).
7
Let u(z) = -4 - 4*z + 14 - z**2 + 4*z + 5*z. Determine u(7).
-4
Let t(n) be the third derivative of -n**6/720 + n**5/60 - n**4/12 + n**2. Let i(y) be the second derivative of t(y). What is i(-4)?
6
Let r(h) = -h + 6. Let b be r(4). Suppose 6*x - b*k - 19 = x, 3*x = 5*k. Suppose -x*g + g = -16. Let z(o) = o**2 - 2*o - 3. Give z(g).
5
Let g(v) = v - 4*v + v - v. Suppose 21 = 3*j - 3*s, 6*s - 5*s = -2*j + 2. Let h = j + -2. Determine g(h).
-3
Let l(n) = -4*n + 1. Let d be l(-1). Suppose -2 = -d*u + 18. Let p(b) = 4*b**2 - 3 + 0*b**3 + 0*b**2 + 0*b**3 - b**3. Calculate p(u).
-3
Let n(m) = 2*m - 1. Let q be 14/18 + (-6)/(-27). Let w be q*4 + 28/14. Give n(w).
11
Let k(t) be the second derivative of -t**5/20 - t**4/3 - t**3/6 + 5*t**2/2 + 8*t. Let p(s) = 5*s**3 - s. Let n be p(-1). Determine k(n).
9
Let r(m) be the first derivative of -m**4/4 + m**2 - m + 3. Let l be r(1). Let n(x) = x**2 - x + 1. Determine n(l).
1
Let h(c) = 2*c + 2. Suppose 2*m + 3*m = 0, v = -5*m - 7. Calculate h(v).
-12
Let c(g) be the third derivative of g**7/2520 + g**6/240 - g**5/120 + g**4/12 - 3*g**2. Let k(d) be the second derivative of c(d). Determine k(-4).
3
Let h(m) = -6*m**3 - m - 1. Let r(n) = n**2 - 5*n + 6. Let c be r(4). Let k be (2/(-6))/(c/6). Determine h(k).
6
Let l(z) = 3*z**2 - 3 - z**3 + 3*z**2 - 1. Let s = -81 - -87. What is l(s)?
-4
Let s(m) = -m**3 + 3*m**2 + 3*m + 3. Let l(q) = 12*q + 1. Let z be l(1). Let y(f) = f**2 - 13*f. Let w be y(z). Let x be -4*(1 + -2 + w). Determine s(x).
-1
Let f(j) = 4*j**2 - 9*j - 3. Let d(w) = 2*w**2 - 4*w - 2. Let p(q) = 5*d(q) - 2*f(q). Determine p(3).
8
Let j(a) be the third derivative of -a**6/120 - a**5/60 - a**4/24 - 5*a**3/3 + 12*a**2. Let z(x) = x - 9. Let t be z(9). Calculate j(t).
-10
Suppose -8 = b - 3*b, 13 = w + 2*b. Let g(r) = -7 + 0 + 1 - 6 + r. What is g(w)?
-7
Let x(p) = p - 2. Let k(l) = -4*l - 6. Let h be k(-3). Let m be (h/8)/((-3)/(-12)). Give x(m).
1
Suppose b + 4 = -a - 2*b, 2*b + 4 = 0. Let z(v) = 7 - 7 - v**a. Give z(1).
-1
Suppose 2*n = -b + 1, b - 3*n + 4*n - 3 = 0. Let p(a) = 3*a - 7. Give p(b).
8
Let w(b) = -2*b**2 + 6*b + 5. Let k be 1/((-20)/25 + 1). Determine w(k).
-15
Let s(w) = -w**2 - w - 8. Let v be s(0). Let h(q) = -q - 9. Determine h(v).
-1
Let r(t) = 13*t - 3 - 5 + 8. What is r(-1)?
-13
Let j(w) be the third derivative of -w**4/24 - w**3 + w**2. Suppose -44*z + 15*z = 174. Calculate j(z).
0
Let q(z) = z + 31. Let a(o) = -o - 21. Let g(y) = 7*a(y) + 5*q(y). What is g(7)?
-6
Let r(f) be the second derivative of -f**5/20 - 5*f**4/12 - f**3/3 - 2*f. Let v = 32 - 36. Give r(v).
-8
Let n = 15 + -17. Let d(a) = a - 2. Give d(n).
-4
Let i(u) = 5*u**3 + 2*u + 4. Let f(g) = -14*g**3 + g**2 - 6*g - 12. Let l(j) = 4*f(j) + 11*i(j). Determine l(4).
-12
Suppose 0 = 4*h - 2 + 26. Let c(k) = -k**3 + 8*k**2 + 10*k + 2. Let y(n) = n**3 - 7*n**2 - 9*n - 2. Let u(q) = h*c(q) - 7*y(q). What is u(3)?
-7
Let p(k) = -7*k**2 - 1. Let c be (4/2 + -3)*1. Calculate p(c).
-8
Suppose 9 = 2*m + m. Let c(v) = -1 + 0*v**2 + 3*v - v**m + 0*v**2. Suppose 3*w - 19 = -5*n, 5*w = 2*n - 3 + 14. Give c(n).
-3
Let l(n) = -n + 4. Suppose 0 = -i + 5*w - 21, -3*i - 9 = i + 5*w. What is l(i)?
10
Let d(r) be the third derivative of -r**4/3 + r**3/6 + 7*r**2. Let l(c) = -c - 11. Let p be l(-9). Let n be p/(-5) - (-9)/15. Determine d(n).
-7
Let g(k) = -k**3 + 5*k**2 - 5*k + 1. Let o be g(4). Let n(j) = -2*j + 3 - 6 + 0. Determine n(o).
3
Let y(i) = i**2 + 6*i - 2. Let k(m) = 4*m**2 + 0*m**2 + 1 - 3*m**2 + 7*m. Let d be k(-6). Give y(d).
-7
Let u(i) be the second derivative of -1/2*i**3 + 0*i**2 - 2*i + 0. Calculate u(-3).
9
Let r = 63 + -58. Let y(l) = -l**3 + 7*l**2 - 7*l + 6. Determine y(r).
21
Let f(u) be the second derivative of -u**4/12 - 5*u**3/3 - 3*u**2/2 - u. Give f(-10).
-3
Let f(s) be the first derivative of 7*s**3/3 - s**2/2 - 1. Suppose 5*q + 2*g - 28 = -2*g, 2 = q - g. Let u be (4/q)/(2/(-2)). What is f(u)?
8
Let j(s) = -s + 2. Suppose 0 = 6*f - 3*f + 12. Let i = -3 - f. Give j(i).
1
Suppose -2*w = -2*t - 0*w + 12, -4*t + 17 = 3*w. Let b(r) = r**2 - 7*r. What is b(t)?
-10
Let t(h) = h**3 - 7*h**2 + 6*h - 2. Let u(p) = p - 7. Let l be u(11). Suppose -2 = -2*m - 3*q + 4, -5*m = 2*q - l. Suppose m*z = -2*z + 12. What is t(z)?
-2
Let b(s) = -s**2 - s + 5. Suppose 0 = -4*x + x. Determine b(x).
5
Let a(y) = y**2 + 9*y + 10. Let r = -3 + -4. Calculate a(r).
-4
